) = p**2 + 4*p. Let s be o(-4). Suppose -d = -s*d - 471. Suppose -4*w + 5 = -d. Is w a prime number?
False
Let t(n) = -n**3 + 8*n**2 + 8*n + 10. Let g be t(9). Is ((-7)/2)/(g/(-58)) composite?
True
Let l(d) = d + 2. Let w(x) = -7*x**3 - x**2. Let i be w(1). Let s be l(i). Let j(o) = -o**3 - 5*o**2 - 3*o + 1. Is j(s) prime?
False
Let a be (-1 - 1) + 0/2. Let y be (-11)/(-4) - a/8. Suppose -y*m = -0*m - 267. Is m prime?
True
Let u = 31 - 21. Is 4/u - 343/(-5) a composite number?
True
Let q = -6 + 8. Suppose -8 = 3*a - 4*d, -4*a - 7*d + 41 = -q*d. Is a prime?
False
Let b = 917 - -650. Is b a composite number?
False
Let s = 474 - 283. Is s a prime number?
True
Let z be 6/(-4) - (-22)/4. Suppose -2*u - 7 = u + v, 0 = z*u - v. Is 68 - (-3 - u)/(-2) prime?
True
Let b = 3288 - 1955. Is b prime?
False
Let p(b) = -4*b - 31. Is p(-13) a prime number?
False
Let l(h) = -446*h - 1. Is l(-1) a prime number?
False
Suppose p + 2690 = 6*p. Is p a composite number?
True
Suppose -9*m + 48767 - 3614 = 0. Is m prime?
False
Let c(h) = -5*h**2 + 9 + 2*h**3 - 10*h - 2*h**3 + h**3. Is c(7) composite?
False
Let d(w) = -w**2 + 15*w - 8. Let j be d(13). Is (3/(-2))/(j/(-696)) a composite number?
True
Suppose -3*i - 5 + 35 = 0. Suppose -i - 2 = -w. Let l = w + -1. Is l a prime number?
True
Suppose -5*g + 15 = -0*g. Suppose -g*y + 2*y + 31 = 0. Is y a composite number?
False
Let x = -27 + 62. Let n = x + -56. Is (-2547)/n - (-2)/(-7) a composite number?
True
Suppose -f + 8*t = 3*t + 7, 0 = 2*f - 5*t - 6. Let g = -8 + f. Suppose 0 = -g*y - 9 + 64. Is y composite?
False
Let n = -532 - -945. Is n prime?
False
Let k = 466 + -99. Is k a prime number?
True
Suppose 30 = -7*g + 2*g. Let u = 0 + -6. Is 2/g + (-476)/u a prime number?
True
Let d = 8 + -4. Suppose d*x = 46 + 2. Let w = 35 - x. Is w composite?
False
Let b(g) = 20*g**2 - g - 2. Let m be b(8). Suppose 3*l = l + m. Suppose -w = 4*w - l. Is w prime?
True
Suppose 0 = -3*f + 2*u - 58 - 43, 5*f + u + 151 = 0. Is (-5 + (-3)/(-1))*f prime?
False
Let o = -12 - -13. Let v(m) = 146*m**3 - 2*m + 1. Is v(o) a prime number?
False
Let y = 140 + -54. Let v = y + 53. Let i = v + -80. Is i prime?
True
Let q = -19 + -12. Let p = q - -140. Is p a prime number?
True
Let d = 172 + -243. Let i = d - -138. Is i composite?
False
Suppose -4*t = t - 25. Suppose -3*u - 4*q = -0*u - 79, t*q = -25. Is u composite?
True
Suppose 3*m + 5*m = 248. Is m a prime number?
True
Let g = -68 + 631. Is g composite?
False
Let a(o) = -2*o**3 + 6*o**2 + 7*o - 1. Is a(-3) composite?
True
Let p be (-9)/12 - 17/4. Is (p + 6)*79/1 a composite number?
False
Suppose -n + 15 = 2*n. Suppose 0 = -5*h - 25, -n*w - 2 = 3*h + 3. Is 10 - (3 + w + -2) prime?
True
Let a(y) = y**2 - y + 5. Let p be a(0). Let u(q) = q**2 - 4*q. Let m be u(p). Suppose m*r + 2*o = o + 161, 3*o = -4*r + 120. Is r composite?
True
Let n(y) be the second derivative of y**5/20 - y**3 - 2*y**2 - 2*y. Is n(5) prime?
False
Suppose -3*r = 4*l + 1, 31 = -0*r - 3*r + 2*l. Let t = -15 - r. Let h(k) = -3*k + 9. Is h(t) composite?
True
Is 279/(-6)*(-8)/12 prime?
True
Suppose 2*x - 8239 = 3*s, 5*x - 2*s = 2*s + 20615. Is x a composite number?
False
Suppose j = 6*j - 175. Is j prime?
False
Let k(s) = -s**3 + 7*s**2 - 2*s + 10. Let l be k(6). Suppose 3*g + 4*o = 27, -o - 11 + l = 2*g. Is g composite?
False
Let z(i) = 3*i**2 + 10. Is z(-7) a composite number?
False
Suppose -10*m + 1276 = -6*m. Is m a composite number?
True
Let g = -943 + 1688. Is g composite?
True
Let j = 48 - 96. Suppose 3*b - 332 = b. Let o = j + b. Is o a composite number?
True
Suppose 12 = 4*z, 5*r + 4*z = -z + 18980. Is r a composite number?
False
Suppose 2*m = 4*m - b - 425, 3 = -b. Is m prime?
True
Suppose 2*c - 113 = -2*j + 25, 0 = 4*c - 2*j - 276. Is c composite?
True
Suppose r = -1 + 2. Let i = 1 + r. Suppose i*u - 2*n - 64 = n, -2*u - n = -72. Is u a prime number?
False
Suppose 5*t + 2*r = 12, -7*r + 7 = t - 2*r. Suppose 17 = -t*c + 3. Let i(u) = -5*u + 2. Is i(c) a composite number?
False
Let r = 5 + 1. Suppose 4*o + 2 + r = 5*k, 4*o - 4*k + 4 = 0. Suppose 3*q + o - 66 = 0. Is q prime?
False
Suppose -n + 0*n - 34 = 0. Is (-2007)/(-5) - n/(-85) a prime number?
True
Let i(u) = -u**3 - 7*u**2 - 31. Is i(-13) prime?
True
Suppose -28 - 36 = 4*r + 4*y, -y = -r - 24. Suppose -m = 3*m - 2*k - 18, 5*k + 31 = 3*m. Is 5 - m - 2 - r a prime number?
False
Let b = -3 - -3. Let a be b/((1 + 2)/3). Suppose 0*j + j - 2 = a, -2*j - 74 = -2*d. Is d composite?
True
Suppose 0 = -5*f - 0*f + 1155. Let p = -154 + f. Is p a prime number?
False
Suppose -10*f + 27282 = -4*f. Is f a prime number?
True
Suppose 0 = b + 2*b - 381. Is b composite?
False
Let y(f) = -f**3 + 6*f**2 - f + 5. Let j be y(6). Let h = j + 8. Is h a prime number?
True
Let q be -4*12/(-16) + 3. Suppose -u + 229 = q. Is u composite?
False
Let t be 8/(-12) + 222/9. Suppose -f + t = 104. Let l = 159 + f. Is l prime?
True
Let q(b) = -16*b**3 + 2*b - 2. Let n be q(2). Let j = n - -293. Is j composite?
False
Let z(l) = 2*l**3 + l**2 + 10 + 8*l**2 - 3*l**3. Is z(9) prime?
False
Let p(n) = -n**3 - 7*n**2 + 8*n - 6. Let b be p(-8). Let i(y) = 2*y**2 + 7*y + 1. Is i(b) a prime number?
True
Suppose -118 = -5*b + 907. Is b a prime number?
False
Suppose 0 = 5*q - 3*q + 5*p - 10, -6 = -4*q - 3*p. Let a be 8*(-1 - (-42)/4). Suppose 2*i + 2*i - a = q. Is i prime?
True
Let m be 226/4*(-1 - 1). Let j = m - -164. Is j a composite number?
True
Suppose 3*t + 2*y = 12, 4*t - y + 6 = 22. Let a be (1255/(-10))/((-2)/t). Is (a - -1) + -7 + 6 composite?
False
Let j(o) = o**3 + 12*o**2 - 25*o + 13. Is j(-11) composite?
False
Suppose 9 + 1 = 2*n. Let s be (-8)/(-20) + (-2)/n. Let i = s - -191. Is i a composite number?
False
Is (-40)/15*-84 + -1 composite?
False
Suppose -5*v + 20 = -0*v - 3*b, -8 = -2*v + 4*b. Suppose -364 = 5*h + 4*j - 1419, 5*j = v*h - 844. Is h a prime number?
True
Let k(b) = b**3 + b**2 + 4. Let u be k(0). Suppose -a - 9 - 7 = u*n, -3*n - 3*a - 21 = 0. Is 2046/11*(-1)/n composite?
True
Suppose -215 = -4*k - k. Is k a composite number?
False
Let b(m) = -31*m - 6. Let n(p) = p + 10*p - p + 2. Let y(i) = -2*b(i) - 7*n(i). Is y(-2) a composite number?
True
Suppose -2*x = -6, 2*x + 186 = q - 19. Suppose -2*g = -g - q. Is g prime?
True
Suppose -6*m = -m + 5. Let z(j) = -79*j. Is z(m) prime?
True
Let w(t) = t**2 - 3*t + 6. Let u be w(4). Let a(h) = h**2 - 7*h + 9. Is a(u) prime?
False
Let a = -674 - -1125. Is a composite?
True
Suppose 0 = -w - 3 + 5. Let k(f) = 2 + 3*f**3 + f**2 - f - w*f**3 + 5. Is k(0) a composite number?
False
Let b(h) = h**2 + 2*h - 2. Let x be b(-6). Suppose 3*r = x + 23. Is r prime?
False
Is (-4)/8 - (-743)/2 a prime number?
False
Let x = -7 - 0. Let k(g) be the third derivative of g**5/60 + 5*g**4/24 + g**2. Is k(x) a composite number?
True
Let l(q) = -6*q - 1. Let i be l(-1). Suppose 115 = i*y + 2*f, 5*y = -f - 2*f + 110. Is y composite?
True
Let q(z) = 8 - 1 - 10*z**3 + 9*z**3 - 6*z**2 - 4*z + 2*z**2. Is q(-6) prime?
True
Suppose -2*k + 0 + 2 = 5*p, -2*p = k - 1. Let q be k + -3 - -1*1. Let s(t) = -76*t + 1. Is s(q) composite?
True
Let n be -2 + (-1)/((-1)/6). Suppose n*d = 1 + 7. Suppose -1 = -f + d. Is f prime?
True
Suppose 4*x + 37 - 929 = 0. Is x a prime number?
True
Let g = -2 - -4. Let z(w) = -g - 16*w + 6 - 5. Is z(-2) composite?
False
Let l(v) = 8*v**2 - 17*v + 32. Is l(13) a prime number?
True
Let y(t) = -t**3 - 4*t**2 - 5*t - 3. Let n be y(-3). Let u(c) = 52*c**2 - c + 4. Let g be u(4). Suppose -2*z - 438 = -2*x + 2*z, 4*x + n*z = g. Is x prime?
True
Let m(y) = 5*y + y - 2*y - 5*y - 1. Let a be m(-4). Is (-74)/a*(-6)/4 a composite number?
False
Let p be (-2 + -2 + 4)/(-2). Suppose -2 + p = -l. Suppose l*v - 67 = 103. Is v composite?
True
Suppose -c = 3*z - 42 - 328, -3*c = 5*z - 622. Let u = -64 + z. Is u a composite number?
True
Let t be 2/(-5) + (-2204)/(-10). Suppose 2*y = -b + 2112, -b - t - 1888 = -2*y. Suppose -5*f + y = -0*f. Is f a prime number?
True
Let r(q) = 8*q + 27*q - 3*q + 0 + 3. Is r(2) composite?
False
Let n = -43 + 102. Is n a prime number?
True
Suppose 0*x + 15 = 5*x, -b = x - 446. Is b prime?
True
Let f = -11 + 7. Let a be (0/3 + f)*-7. Let w = 3 + a. Is w prime?
True
Let w be ((-2)/3)/((-4)/66). Suppose -p = -5*z - 15, -5*p + 59 - w = 2*z. Let x = 20